{"id":79,"date":"2024-03-08T19:42:52","date_gmt":"2024-03-08T19:42:52","guid":{"rendered":"http:\/\/wp.adrian-grigore.com\/?page_id=79"},"modified":"2024-06-04T22:49:13","modified_gmt":"2024-06-04T20:49:13","slug":"the-novel-alerta-maxima","status":"publish","type":"page","link":"https:\/\/www.adrian-grigore.com\/?page_id=79","title":{"rendered":"The Novel &#8220;Alert\u0103 Maxim\u0103&#8221;"},"content":{"rendered":"\n<p><\/p>\n\n\n\n<div style=\"height:100px\" aria-hidden=\"true\" class=\"wp-block-spacer\"><\/div>\n\n\n\n<p>English \/ <a href=\"\/?page_id=75\">Rom\u00e2n\u0103<\/a><\/p>\n\n\n\n<p>ISBN: <strong>973-24-0837-5<\/strong><\/p>\n\n\n\n<p>Cover: <strong>Mircea Muntenescu<\/strong><\/p>\n\n\n\n<p>Lecturer: <strong>Olga Silvia Turbatu<\/strong><\/p>\n\n\n\n<p>Technical editor: <strong>Doina Nanu<\/strong><\/p>\n\n\n\n<p>The novel <strong>Alert\u0103 Maxim\u0103<\/strong> by the author <strong>Adrian Grigore<\/strong> was published in 2001 by the <strong>Albatros Publishing House<\/strong> in Bucharest and was launched at the <strong>international book fair, Gaudeamus<\/strong>, from <strong>November 28 to December 2, 2001<\/strong>, in the <strong>Romexpo <\/strong>exhibition complex. The presentation of the novel was made to the public by <strong>Prof. univ.<\/strong><strong> <\/strong><strong>Dr. Silviu Angelescu <\/strong>from the<strong> University of Bucharest<\/strong>, who also wrote the synopsis on cover four. A much-modified version of this book was translated into English by <strong>Alina Maria Grigore<\/strong> and was published in the United States in February 2024 under the title <strong>Red Alert for Romania<\/strong>. <\/p>\n\n\n\n<figure class=\"wp-block-image aligncenter size-full\"><img loading=\"lazy\" decoding=\"async\" width=\"310\" height=\"493\" src=\"https:\/\/www.adrian-grigore.com\/wp-content\/uploads\/2024\/05\/image-45.png\" alt=\"\" class=\"wp-image-381\" srcset=\"https:\/\/www.adrian-grigore.com\/wp-content\/uploads\/2024\/05\/image-45.png 310w, https:\/\/www.adrian-grigore.com\/wp-content\/uploads\/2024\/05\/image-45-189x300.png 189w\" sizes=\"auto, (max-width: 310px) 100vw, 310px\" \/><\/figure>\n\n\n\n<p>This book can be found at the links: <\/p>\n\n\n\n<p><a href=\"https:\/\/www.redalertforromania.com\">https:\/\/www.redalertforromania.com<\/a><\/p>\n\n\n\n<p>https:\/\/www.barnesandnoble.com\/w\/red-alert-for-romania-adrian-grigore\/1144906062<\/p>\n\n\n\n<p><\/p>\n\n\n\n<p><strong>Synopsis<\/strong><\/p>\n\n\n\n<p><strong>ALERT\u0102 MAXIM\u0102 <\/strong>&nbsp;is, apparently, a seductive adventure novel, built according to all the rules of the genre: seismologists involved in the series of events caused by the collapse of a Soviet military satellite, secret services engaged in tough operations to recover the satellite&#8217;s remote control code, double agents. .. But the adventure, although captivating, is only a pretext that motivates the foray into a sick world &#8211; Romania before 1989. The novel&#8217;s epilogue brings us to Romania after 1989 whose continuities suffocate the changes, revealing their fragility.<\/p>\n\n\n\n<p>&nbsp;&nbsp;&nbsp;&nbsp;&nbsp;&nbsp;&nbsp;&nbsp;&nbsp;&nbsp; <strong><em>Professor Dr. Silviu ANGELESCU &#8211; University of Bucharest<\/em><\/strong><\/p>\n\n\n\n<p><\/p>\n\n\n\n<p><\/p>\n\n\n\n<p><\/p>\n","protected":false},"excerpt":{"rendered":"<p>English \/ Rom\u00e2n\u0103 ISBN: 973-24-0837-5 Cover: Mircea Muntenescu Lecturer: Olga Silvia Turbatu Technical editor: Doina Nanu The novel Alert\u0103 Maxim\u0103 by the author Adrian Grigore was published in 2001 by the Albatros Publishing House in Bucharest and was launched at the international book fair, Gaudeamus, from November 28 to December 2, 2001, in the Romexpo [&hellip;]<\/p>\n","protected":false},"author":1,"featured_media":0,"parent":0,"menu_order":0,"comment_status":"closed","ping_status":"closed","template":"","meta":{"footnotes":""},"class_list":["post-79","page","type-page","status-publish","hentry"],"_links":{"self":[{"href":"https:\/\/www.adrian-grigore.com\/index.php?rest_route=\/wp\/v2\/pages\/79","targetHints":{"allow":["GET"]}}],"collection":[{"href":"https:\/\/www.adrian-grigore.com\/index.php?rest_route=\/wp\/v2\/pages"}],"about":[{"href":"https:\/\/www.adrian-grigore.com\/index.php?rest_route=\/wp\/v2\/types\/page"}],"author":[{"embeddable":true,"href":"https:\/\/www.adrian-grigore.com\/index.php?rest_route=\/wp\/v2\/users\/1"}],"replies":[{"embeddable":true,"href":"https:\/\/www.adrian-grigore.com\/index.php?rest_route=%2Fwp%2Fv2%2Fcomments&post=79"}],"version-history":[{"count":4,"href":"https:\/\/www.adrian-grigore.com\/index.php?rest_route=\/wp\/v2\/pages\/79\/revisions"}],"predecessor-version":[{"id":540,"href":"https:\/\/www.adrian-grigore.com\/index.php?rest_route=\/wp\/v2\/pages\/79\/revisions\/540"}],"wp:attachment":[{"href":"https:\/\/www.adrian-grigore.com\/index.php?rest_route=%2Fwp%2Fv2%2Fmedia&parent=79"}],"curies":[{"name":"wp","href":"https:\/\/api.w.org\/{rel}","templated":true}]}}